{"id":172,"date":"2017-01-04T08:47:59","date_gmt":"2017-01-04T08:47:59","guid":{"rendered":"https:\/\/sofa-ms.de\/?page_id=172"},"modified":"2017-02-16T20:04:04","modified_gmt":"2017-02-16T20:04:04","slug":"standorte-2","status":"publish","type":"page","link":"https:\/\/sofa-ms.de\/?page_id=172","title":{"rendered":"Standorte"},"content":{"rendered":"<p>Als M\u00fcnsteraner Anti-Atomkraft-Gruppe besch\u00e4ftigen wir uns vorwiegend mit den Atomanlagen rund um M\u00fcnster &#8211; und diese sind \u00fcberwiegend bislang vom Atomausstieg ausgenommen! Mit der Urananreicherungsanlage Gronau, der Brennelementefabrik Lingen, dem AKW Lingen und dem Atomm\u00fclllager Ahaus besch\u00e4ftigen wir uns quasi mit der gesamten Kette der Atomindustrie in Deutschland. Da aber all diese Atomanlagen mit anderen Anlagen im Zusammenhang stehen, besch\u00e4ftigen wir uns zum Beispiel auch mit den Atomanlagen in Duisburg oder J\u00fclich, von wo aus Atomm\u00fclltransporte nach Ahaus fahren oder geplant sind.<\/p>\n","protected":false},"excerpt":{"rendered":"<p>Als M\u00fcnsteraner Anti-Atomkraft-Gruppe besch\u00e4ftigen wir uns vorwiegend mit den Atomanlagen rund um M\u00fcnster &#8211; und diese sind \u00fcberwiegend bislang vom Atomausstieg ausgenommen! Mit der Urananreicherungsanlage Gronau, der Brennelementefabrik Lingen, dem AKW Lingen und dem Atomm\u00fclllager Ahaus besch\u00e4ftigen wir uns quasi mit der gesamten Kette der Atomindustrie in Deutschland. Da aber<span class=\"more-link\"><a href=\"https:\/\/sofa-ms.de\/?page_id=172\">lies mehr<\/a><\/span><\/p>\n","protected":false},"author":1,"featured_media":0,"parent":0,"menu_order":0,"comment_status":"closed","ping_status":"closed","template":"","meta":{"footnotes":""},"class_list":["entry","author-sofadmin","post-172","page","type-page","status-publish"],"_links":{"self":[{"href":"https:\/\/sofa-ms.de\/index.php?rest_route=\/wp\/v2\/pages\/172","targetHints":{"allow":["GET"]}}],"collection":[{"href":"https:\/\/sofa-ms.de\/index.php?rest_route=\/wp\/v2\/pages"}],"about":[{"href":"https:\/\/sofa-ms.de\/index.php?rest_route=\/wp\/v2\/types\/page"}],"author":[{"embeddable":true,"href":"https:\/\/sofa-ms.de\/index.php?rest_route=\/wp\/v2\/users\/1"}],"replies":[{"embeddable":true,"href":"https:\/\/sofa-ms.de\/index.php?rest_route=%2Fwp%2Fv2%2Fcomments&post=172"}],"version-history":[{"count":22,"href":"https:\/\/sofa-ms.de\/index.php?rest_route=\/wp\/v2\/pages\/172\/revisions"}],"predecessor-version":[{"id":540,"href":"https:\/\/sofa-ms.de\/index.php?rest_route=\/wp\/v2\/pages\/172\/revisions\/540"}],"wp:attachment":[{"href":"https:\/\/sofa-ms.de\/index.php?rest_route=%2Fwp%2Fv2%2Fmedia&parent=172"}],"curies":[{"name":"wp","href":"https:\/\/api.w.org\/{rel}","templated":true}]}}