{"id":50,"date":"2016-12-18T18:36:09","date_gmt":"2016-12-18T18:36:09","guid":{"rendered":"http:\/\/demo.sofa-ms.de\/?page_id=50"},"modified":"2025-01-01T22:39:46","modified_gmt":"2025-01-01T21:39:46","slug":"ueber-uns","status":"publish","type":"page","link":"https:\/\/sofa-ms.de\/?page_id=50","title":{"rendered":"\u00dcber uns"},"content":{"rendered":"<ul style=\"list-style-type: disc;\">\n<li><span style=\"font-family: webdings;\">Wir sind eine offene Anti-Atom-Gruppe<\/span><\/li>\n<li><span style=\"font-family: webdings;\">Wir k\u00e4mpfen f\u00fcr den sofortigen, vollst\u00e4ndigen Atomausstieg und gegen <\/span><span style=\"font-family: webdings;\">die Macht der Atomkonzerne im M\u00fcnsterland, <\/span><span style=\"font-family: webdings;\">in Deutschland und weltweit<\/span><\/li>\n<li><span style=\"font-family: webdings;\">Wir sehen uns als Teil der linken, sozialen Bewegungen<\/span><\/li>\n<li><span style=\"font-family: webdings;\">Bei uns kann jede\/r mitmachen, die\/der Lust hat<\/span><\/li>\n<li><span style=\"font-family: webdings;\">Wir haben keinen Bock auf <a title=\"Netz gegen Nazis\" href=\"http:\/\/www.netz-gegen-nazis.de\/wissen\/was-machen-wir\">Nazis<\/a>, <a title=\"Aktiv gegen Diskriminierung\" href=\"http:\/\/www.aktiv-gegen-diskriminierung.info\/argumentationshilfen\">Rassist_innen<\/a> und Parteiideolog_innen<\/span><\/li>\n<li><span style=\"font-family: webdings;\">Und ganz wichtig: Der Spa\u00df darf nicht zu kurz kommen!<\/span><\/li>\n<\/ul>\n<h4><span style=\"font-family: webdings;\">Unsere Aktionsschwerpunkte sind:<\/span><\/h4>\n<ul type=\"square\" compact=\"compact\">\n<li><span style=\"font-family: webdings;\">echter Atomausstieg inklusive der Urananreicherungsanlage (UAA) Gronau und Brennelementefabrik Lingen<\/span><\/li>\n<li><span style=\"font-family: webdings;\">Uran(m\u00fcll)transporte von\/ nach Gronau\/ Lingen\/ durch M\u00fcnster<br \/>\n<\/span><\/li>\n<li><span style=\"font-family: webdings;\">Castor-Transporte ins Zwischenlager Ahaus und anderswo<br \/>\n<\/span><\/li>\n<li><span style=\"font-family: webdings;\">Internationale Vernetzung der Anti-Atom-Initiativen (Russland, Kongo, Frankreich&#8230;)<\/span><\/li>\n<li><span style=\"font-family: webdings;\">\u00f6kologisch-sozial gerechte Energiewende<br \/>\n<\/span><\/li>\n<li><span style=\"font-family: webdings;\">B\u00fcrgerInnenrechte und Anti-Repressionsarbeit<\/span><\/li>\n<\/ul>\n<blockquote><p><span style=\"font-family: webdings;\">So unterschiedlich wie die Leute, so unterschiedlich sind auch die Aktionsformen. Macht einfach mit, lasst uns zusammen einen vollst\u00e4ndigen Atomausstieg und climate-justice durchsetzen!<br \/>\n<\/span><\/p><\/blockquote>\n","protected":false},"excerpt":{"rendered":"<p>Wir sind eine offene Anti-Atom-Gruppe Wir k\u00e4mpfen f\u00fcr den sofortigen, vollst\u00e4ndigen Atomausstieg und gegen die Macht der Atomkonzerne im M\u00fcnsterland, in Deutschland und weltweit Wir sehen uns als Teil der linken, sozialen Bewegungen Bei uns kann jede\/r mitmachen, die\/der Lust hat Wir haben keinen Bock auf Nazis, Rassist_innen und Parteiideolog_innen<span class=\"more-link\"><a href=\"https:\/\/sofa-ms.de\/?page_id=50\">lies mehr<\/a><\/span><\/p>\n","protected":false},"author":1,"featured_media":0,"parent":0,"menu_order":0,"comment_status":"closed","ping_status":"closed","template":"","meta":{"footnotes":""},"class_list":["entry","author-sofadmin","post-50","page","type-page","status-publish"],"_links":{"self":[{"href":"https:\/\/sofa-ms.de\/index.php?rest_route=\/wp\/v2\/pages\/50","targetHints":{"allow":["GET"]}}],"collection":[{"href":"https:\/\/sofa-ms.de\/index.php?rest_route=\/wp\/v2\/pages"}],"about":[{"href":"https:\/\/sofa-ms.de\/index.php?rest_route=\/wp\/v2\/types\/page"}],"author":[{"embeddable":true,"href":"https:\/\/sofa-ms.de\/index.php?rest_route=\/wp\/v2\/users\/1"}],"replies":[{"embeddable":true,"href":"https:\/\/sofa-ms.de\/index.php?rest_route=%2Fwp%2Fv2%2Fcomments&post=50"}],"version-history":[{"count":14,"href":"https:\/\/sofa-ms.de\/index.php?rest_route=\/wp\/v2\/pages\/50\/revisions"}],"predecessor-version":[{"id":3189,"href":"https:\/\/sofa-ms.de\/index.php?rest_route=\/wp\/v2\/pages\/50\/revisions\/3189"}],"wp:attachment":[{"href":"https:\/\/sofa-ms.de\/index.php?rest_route=%2Fwp%2Fv2%2Fmedia&parent=50"}],"curies":[{"name":"wp","href":"https:\/\/api.w.org\/{rel}","templated":true}]}}